{"id":297,"date":"2020-01-17T03:37:47","date_gmt":"2020-01-17T03:37:47","guid":{"rendered":"http:\/\/www.cemagrup.com.tr\/?page_id=297"},"modified":"2026-01-22T13:02:09","modified_gmt":"2026-01-22T13:02:09","slug":"kurumsal","status":"publish","type":"page","link":"https:\/\/www.cemagrup.com.tr\/?page_id=297","title":{"rendered":"Kurumsal"},"content":{"rendered":"\n<figure class=\"wp-block-image size-full\"><img loading=\"lazy\" decoding=\"async\" width=\"1920\" height=\"700\" src=\"https:\/\/www.cemagrup.com.tr\/wp-content\/uploads\/2025\/01\/kurumsal-img.jpg\" alt=\"\" class=\"wp-image-969\" srcset=\"https:\/\/www.cemagrup.com.tr\/wp-content\/uploads\/2025\/01\/kurumsal-img.jpg 1920w, https:\/\/www.cemagrup.com.tr\/wp-content\/uploads\/2025\/01\/kurumsal-img-300x109.jpg 300w, https:\/\/www.cemagrup.com.tr\/wp-content\/uploads\/2025\/01\/kurumsal-img-1024x373.jpg 1024w, https:\/\/www.cemagrup.com.tr\/wp-content\/uploads\/2025\/01\/kurumsal-img-768x280.jpg 768w, https:\/\/www.cemagrup.com.tr\/wp-content\/uploads\/2025\/01\/kurumsal-img-1536x560.jpg 1536w\" sizes=\"auto, (max-width: 1920px) 100vw, 1920px\" \/><\/figure>\n\n\n\n<p class=\"has-very-light-gray-background-color has-text-color has-background\" style=\"color:#000000\">Cema Grup Led Armat\u00fcrler Seramik Hibrit PCB Teknolojisi, Is\u0131l tasar\u0131m, Elektronik Devre Tasar\u0131m\u0131 ve Optik \u00f6zellikleriyle di\u011fer armat\u00fclerden ayr\u0131lmaktad\u0131r.  Cema Grup, genelde askeri elektronik, havac\u0131l\u0131k ve ileri teknoloji gerektiren alanlarda kullan\u0131lan seramik hibrit teknolojisini led armat\u00fcrlerdeki devre kartlar\u0131nda (PCB) kullanmaktad\u0131r. Seramik hibrit devre kartlar\u0131 (PCB) di\u011fer led armat\u00fcrlerde kullan\u0131lan polimer bazl\u0131 (plastik) ve al\u00fcminyum bask\u0131 devre kartlar\u0131na g\u00f6re \u00fcst\u00fcn \u00f6zelliklere sahiptir. Seramik Hibrit devre kartlar\u0131 \u00e7ok y\u00fcksek ve \u00e7ok d\u00fc\u015f\u00fck s\u0131cakl\u0131klarda \u00e7al\u0131\u015fabilirler, elektriksel olarak yal\u0131tkan fakat termal olaral m\u00fckemmel iletkendirler. Led armat\u00fcrlerdeki en b\u00fcy\u00fck \u00e7al\u0131\u015fma sorunu olan \u0131s\u0131nma  Cema Grup Led Armat\u00fcrlede Seramik Hibrit PCB teknolojisi sayesinde \u00e7\u00f6z\u00fcme kavu\u015fmu\u015ftur.<\/p>\n\n\n\n<p class=\"has-very-light-gray-background-color has-text-color has-background\" style=\"color:#000000\">Cema Grup Led Armat\u00fcrler Is\u0131l \u00e7al\u0131\u015fma sorununu Seramik Hibrit PCB teknolojisiyle kola\u015fla\u015ft\u0131rd\u0131\u011f\u0131 i\u00e7in elektriksel devre verimlili\u011fi %97 oran\u0131ndad\u0131r. Bu oran di\u011fer Led armat\u00fcrlede daha d\u00fc\u015f\u00fck oldu\u011fu i\u00e7in  Cema Grup Led armat\u00fcrler di\u011fer led lambalara \u00fcst\u00fcnl\u00fck sa\u011flamaktad\u0131r. Led armat\u00fcr teknolojisinde \u0131s\u0131l tasar\u0131m \u00f6nemli bir unsurdur.<\/p>\n\n\n\n<p class=\"has-very-light-gray-background-color has-text-color has-background\" style=\"color:#000000\">Cema Grup Led Armat\u00fcrlerin \u0131s\u0131l tasar\u0131m\u0131 ve yekpare g\u00f6vdesi sayesinde \u00e7al\u0131\u015fma s\u0131cakl\u0131klar\u0131 d\u00fc\u015f\u00fckt\u00fcr. Bu nedenle  Cema Grup led Armat\u00fcrleri d\u00fc\u015f\u00fck s\u0131cakl\u0131klarda \u00e7al\u0131\u015ft\u0131\u011f\u0131 i\u00e7in Optik verimde herhangi bir azalma meydana gelmez ve alm\u0131\u015f oldu\u011fu enerjinin t\u00fcm\u00fcn\u00fc s\u0131cakl\u0131\u011fa veya di\u011fer kay\u0131plara de\u011fil \u0131\u015f\u0131k olarak vermektedir. Uluslararas\u0131 Ba\u011f\u0131ms\u0131z Test kurulu\u015flar\u0131nda yap\u0131lan testler sonucunda  Cema Grup Led Avrupa Normlar\u0131na uygun Led lambalar \u00fcretmektedir ve bu da  Cema Grup Led Armat\u00fcrleri di\u011fer led armat\u00fcrlerden ay\u0131ran en \u00f6nemli husustur.<\/p>\n\n\n\n<p class=\"has-very-light-gray-background-color has-text-color has-background\" style=\"color:#000000\"> Cema Grup Led Armat\u00fcrler di\u011fer \u0131\u015f\u0131k kaynaklar\u0131yla kar\u015f\u0131la\u015ft\u0131r\u0131ld\u0131\u011f\u0131nda d\u00fc\u015f\u00fck enerji t\u00fcketimleri ve uzun \u00f6m\u00fcrleri sayesinde b\u00fcy\u00fck tasarruf sa\u011flamaktad\u0131r. Yap\u0131lan testler ve ara\u015ft\u0131rmalar sonu\u00e7lar\u0131nda  Cema Grup Led Armat\u00fcrler %80 ve \u00fczeri tasarrfu sa\u011flamaktad\u0131r. Cema Grup Led armat\u00fcrler di\u011fer armat\u00fcrlerle kar\u015f\u0131la\u015ft\u0131r\u0131lmas\u0131 \u00fc\u00e7 ana ba\u015fl\u0131k alt\u0131nda toplanabilir. Bunlar, elektriksel tasarruf, ampul de\u011fi\u015fimleri ve bak\u0131m masraflar\u0131d\u0131r.<\/p>\n\n\n\n<p class=\"has-very-light-gray-background-color has-text-color has-background\" style=\"color:#000000\">Led\u2018li armat\u00fcrler elektriksel verim, optik verim ve uzun \u00f6m\u00fcrleri sayesinde di\u011fer armat\u00fcrlere g\u00f6re (Sodyum buharl\u0131, Metal halide vs.) daha d\u00fc\u015f\u00fck enerji ile uzun \u00f6m\u00fcrl\u00fc \u00e7al\u0131\u015fmaktad\u0131rlar. Di\u011fer armat\u00fcrlerin balast ve lamba kay\u0131plar\u0131, optik iletkenlik kay\u0131plar\u0131 ve k\u0131sa \u00f6m\u00fcrleri enerji t\u00fcketimini artt\u0131rmaktad\u0131r. Buna kar\u015f\u0131l\u0131k  Cema Grup Led Armat\u00fcrler, %97 elektriksel verim, %92 optik verim ile \u00e7al\u0131\u015farak kay\u0131plar\u0131 \u00e7ok d\u00fc\u015f\u00fckt\u00fcr. Di\u011fer aramt\u00fcrlerin (Sodyum Buharl\u0131, Metal Halide vs.) ampul \u00f6m\u00fcrleri 6.000-12.000 saat aras\u0131nda de\u011fi\u015fmektedir ve ampul de\u011fi\u015fimleri hepsi ayn\u0131 anda olmayaca\u011f\u0131 i\u00e7in ampul de\u011fi\u015fim maliyetleri artmaktad\u0131r.  Cema Grup Led armat\u00fclerin kullan\u0131m \u00f6m\u00fcrleri 50.000 saatten daha fazla oldu\u011fu i\u00e7in bir  Cema Grup Led armat\u00fcr kullan\u0131ld\u0131\u011f\u0131 s\u00fcrede di\u011fer armat\u00fcrlerin 6-7 defa lamba de\u011fi\u015fikli\u011fi gerekmektedir.<\/p>\n\n\n\n<p class=\"has-very-light-gray-background-color has-text-color has-background\" style=\"color:#000000\">Bak\u0131m masraflar\u0131 a\u00e7\u0131s\u0131nda de\u011ferlendirildi\u011finde  Cema Grup Led Armat\u00fcrleri kullan\u0131m s\u00fcresi boyunca herhangi bir bak\u0131m gerektirmemektedir. Di\u011fer armat\u00fcrler kullan\u0131m s\u00fcreleri boyunca g\u00f6vde tasar\u0131mlar\u0131, balast de\u011fi\u015fimleri y\u00fcz\u00fcnden periyodik bak\u0131m istemektedir ve buda kullan\u0131m maliyetlerini artt\u0131rmaktad\u0131r.<\/p>\n\n\n\n<style>\n.pdf-button {\n    display: inline-block;\n    padding: 12px 24px;\n    background-color: #1a73e8;\n    color: #ffffff;\n    text-decoration: none;\n    border-radius: 6px;\n    font-weight: 600;\n    transition: background-color 0.3s ease;\n}\n\n.pdf-button:hover {\n    background-color: #0f5bd6;\n}\n<\/style>\n\n\n\n<p class=\"has-very-light-gray-background-color has-text-color has-background\" style=\"color:#000000\">I\u015f\u0131\u011f\u0131n en verimli halini birlikte ke\u015ffedelim. Sizin i\u00e7in haz\u0131rlad\u0131\u011f\u0131m\u0131z LED katalo\u011fumuzu payla\u015fmaktan mutluluk duyuyoruz.<br><\/p><a href=\"https:\/\/www.cemagrup.com.tr\/wp-content\/uploads\/2026\/01\/katalog-2026.pdf\"\n   class=\"pdf-button\"\n   target=\"_blank\">\n   Katalo\u011fumuzu G\u00f6r\u00fcnt\u00fcleyin\n<\/a>\n\n<style>\n.pdf-button {\n    display: inline-block;\n    padding: 12px 24px;\n    background-color: #1a73e8;\n    color: #ffffff;\n    text-decoration: none;\n    border-radius: 6px;\n    font-weight: 600;\n    transition: background-color 0.3s ease;\n}\n<\/style>\n\n\n\n\n<p><\/p>\n\n\n\n<p><\/p>\n","protected":false},"excerpt":{"rendered":"<p>Cema Grup Led Armat\u00fcrler Seramik Hibrit PCB Teknolojisi, Is\u0131l tasar\u0131m, Elektronik Devre Tasar\u0131m\u0131 ve Optik \u00f6zellikleriyle di\u011fer armat\u00fclerden ayr\u0131lmaktad\u0131r. Cema Grup, genelde askeri elektronik, havac\u0131l\u0131k ve ileri teknoloji gerektiren alanlarda kullan\u0131lan seramik hibrit teknolojisini led armat\u00fcrlerdeki devre kartlar\u0131nda (PCB) kullanmaktad\u0131r. Seramik hibrit devre kartlar\u0131 (PCB) di\u011fer led armat\u00fcrlerde kullan\u0131lan polimer bazl\u0131 (plastik) ve al\u00fcminyum bask\u0131&hellip; <br \/> <a class=\"read-more\" href=\"https:\/\/www.cemagrup.com.tr\/?page_id=297\">Devam\u0131<\/a><\/p>\n","protected":false},"author":1,"featured_media":0,"parent":0,"menu_order":0,"comment_status":"closed","ping_status":"closed","template":"","meta":{"pagelayer_contact_templates":[],"_pagelayer_content":"","inline_featured_image":false,"footnotes":""},"class_list":["post-297","page","type-page","status-publish","hentry"],"_links":{"self":[{"href":"https:\/\/www.cemagrup.com.tr\/index.php?rest_route=\/wp\/v2\/pages\/297","targetHints":{"allow":["GET"]}}],"collection":[{"href":"https:\/\/www.cemagrup.com.tr\/index.php?rest_route=\/wp\/v2\/pages"}],"about":[{"href":"https:\/\/www.cemagrup.com.tr\/index.php?rest_route=\/wp\/v2\/types\/page"}],"author":[{"embeddable":true,"href":"https:\/\/www.cemagrup.com.tr\/index.php?rest_route=\/wp\/v2\/users\/1"}],"replies":[{"embeddable":true,"href":"https:\/\/www.cemagrup.com.tr\/index.php?rest_route=%2Fwp%2Fv2%2Fcomments&post=297"}],"version-history":[{"count":25,"href":"https:\/\/www.cemagrup.com.tr\/index.php?rest_route=\/wp\/v2\/pages\/297\/revisions"}],"predecessor-version":[{"id":1119,"href":"https:\/\/www.cemagrup.com.tr\/index.php?rest_route=\/wp\/v2\/pages\/297\/revisions\/1119"}],"wp:attachment":[{"href":"https:\/\/www.cemagrup.com.tr\/index.php?rest_route=%2Fwp%2Fv2%2Fmedia&parent=297"}],"curies":[{"name":"wp","href":"https:\/\/api.w.org\/{rel}","templated":true}]}}